hat are the prime factors of v?
2, 5, 521
Suppose -72063 = -25*s - 19713. List the prime factors of s.
2, 3, 349
Let k = 88 + -55. Let x be k*(-3)/(-3)*1. Suppose 24*u - x = 21*u. What are the prime factors of u?
11
Let k be 42*2/(-1)*(-6)/(-12). List the prime factors of 3*k*126/(-49).
2, 3
Let y(x) = 2*x**3 + 7*x**2 - 14*x - 52. Let n be y(-4). What are the prime factors of ((-3)/n)/(10/40) - -578?
3, 193
Suppose 0 = 2*n + n - g + 253, -3*g + 249 = -3*n. Let s = 1200 + -1016. Let v = s + n. List the prime factors of v.
3, 11
What are the prime factors of (-2)/((-221)/34 + 7) + 86877/1?
109, 797
Suppose -2*u + 6*u + 14599 = 5*s, -2*s + 5*u + 5826 = 0. List the prime factors of s.
37, 79
Suppose 0 = -u - u + 4*q - 12, 5*q - 23 = 3*u. Let a be (u - -19)*-1*1/(-3). List the prime factors of ((-9)/5)/((1 + a)/(-30)).
3
Let n = -4194 - -15389. List the prime factors of n.
5, 2239
Suppose -n + 3*n = -4*i + 656, 4*i = n + 662. Suppose -5*f - i + 3915 = 0. What are the prime factors of f?
2, 3, 5
Let w = -17750 + 37382. List the prime factors of w.
2, 3, 409
Let v(k) = -10*k + 142. Let n(i) = 3*i - 46. Let t(l) = -16*n(l) - 5*v(l). Let o be (-1 - -1)*1 + 18. List the prime factors of t(o).
2, 31
Let q = 45423 + -29570. What are the prime factors of q?
83, 191
Suppose 7 = -7*v + 14. Let k be (-6)/((-3)/6 - v). Suppose -3*n + n = -5*g + 276, k*n = 3*g - 174. What are the prime factors of g?
2, 3
Let c(m) = m**3 - 7*m**2 - 11*m + 26. Let a(x) = -7*x + 12. Let s be a(2). Let f be s/5 + (-470)/(-50). What are the prime factors of c(f)?
89
Suppose 2*o + 5*z = 1055, -3065 = -6*o - 0*o + 5*z. What are the prime factors of o?
5, 103
Suppose 4953 = 2*i - v, -4994 = -2*i + 4*v - 32. Suppose -2*l + 1014 = 4*b, -b + i = 5*l - 6*b. What are the prime factors of l?
499
Let t be 9 - (-1 + (-3 - -8)). List the prime factors of (-586)/((-1)/(-2)*(t - 9)).
293
Let g(u) = -7*u**2 + 32*u - 6. Let n(z) = 4*z**2 - 16*z + 4. Let o(c) = 3*g(c) + 5*n(c). Let w(y) = 3*y - 1. Let x be w(2). List the prime factors of o(x).
3, 19
Suppose -5*g + 11*n - 10*n + 102597 = 0, -40 = -5*n. List the prime factors of g.
20521
Suppose -516*h = -521*h + 35. Let r(x) = 117*x + 42. List the prime factors of r(h).
3, 7, 41
Let t(u) = 2*u + 61. Suppose -35*a = -18*a - 306. What are the prime factors of t(a)?
97
Let x = 9 + -10. List the prime factors of (x - 4) + 348 + 8.
3, 13
Let c(l) = 6*l**3 - 2*l**2 + 2*l - 1. Suppose z + 10 = -z + 4*w, 0 = -3*z + 4*w - 9. Let j be c(z). Let g(y) = 6*y**2 - 6*y - 5. List the prime factors of g(j).
5, 23
Suppose -d - 2967 = 4*s - 411, 3*s + 2553 = -d. Let q be d/(-18) - (-1)/(-3). Let f = -25 + q. What are the prime factors of f?
2, 29
Let v(n) = n**2 - 29*n + 30. Let m be v(-27). Let y be ((-20)/(-60))/(2/m). Suppose 0 = -s + 4*h + 106, 3*h - 2*h = -2*s + y. What are the prime factors of s?
2, 3, 7
Suppose 0 = 2*d - 3*j + 136, 5*d - 7*j = -3*j - 333. Let q = d - -69. Suppose 4*o - 2*o = -3*s + 355, 3*o + 479 = q*s. List the prime factors of s.
7, 17
Let l = -21 - -26. Suppose -17 - 24 = -4*k - 5*h, -l*h = k - 14. List the prime factors of k.
3
List the prime factors of (4 - 12/4) + 11627/(-21)*-3.
2, 3, 277
Let w = -7969 + 11693. Suppose -4*j - w = -11*j. Suppose -j = 14*t - 18*t. List the prime factors of t.
7, 19
Suppose 5 = -5*x, -2*q - 4*x = -3*q - 8. Let g be 9/q*1*-8. What are the prime factors of -7*(-12)/(-2 + g)?
3, 7
List the prime factors of ((1560/16)/13)/(-7*2/(-12124)).
3, 5, 433
Suppose 572 = -50*h + 52*h. Let q = h - 218. What are the prime factors of q?
2, 17
What are the prime factors of (-17)/((-1309)/79794)*(-28)/(-3)?
2, 3, 13, 31
Suppose -375*o - 1360 = -2*j - 378*o, -4*o = 8. List the prime factors of j.
683
Let u(f) = -7*f + 28. Let m be u(4). Suppose m = 5*p + 1255 - 4105. What are the prime factors of p?
2, 3, 5, 19
Let u = 143 - 152. What are the prime factors of u/((-495)/10) + 31500/22?
2, 179
Let y(s) = s**3 - 20*s**2 - 5*s - 80. Let d(l) = -7*l - 265. Let z be d(-41). List the prime factors of y(z).
2, 389
Let v(f) = 7*f**2 + 14*f - 25. Let c(p) = p**3 + 9*p**2 + 7*p - 16. Let g be c(-8). What are the prime factors of v(g)?
311
Suppose 141*l = -11*l + 1173440. List the prime factors of l.
2, 5, 193
Suppose 0*q + 90153 = 18*q + 17073. List the prime factors of q.
2, 5, 7, 29
List the prime factors of 1/((-2778423)/(-452298) + -6 + (-3)/21).
2, 11, 89
Let s be (17/17)/((2/3)/2). Suppose -s*v + 231 + 1143 = 0. List the prime factors of v.
2, 229
Suppose -80*t + 129*t = 77714. What are the prime factors of t?
2, 13, 61
Suppose 0 = 3*g + l - 166, -5*g + 2*l - l + 282 = 0. Let v = -76 + g. What are the prime factors of -2 - (v/(-15) - (-418)/(-3))?
2, 17
Let s = -7796 + 13039. What are the prime factors of s?
7, 107
Let f(h) = -8*h**3 - 2*h**2 - 3*h - 3. Let q be f(-2). Let i(n) = n**2 + 6*n + 155. Let y be i(0). Suppose 2*s + q = y. List the prime factors of s.
2, 3
Suppose y - 5*k + 1293 - 12455 = 0, -2*y + 22292 = -2*k. List the prime factors of y.
2, 3, 619
Suppose 0*w - 2*v = 3*w - 55, 4*w + 4*v - 72 = 0. Let a(o) = -7*o + 12*o**2 + 14*o**3 + w - o - 5*o - 13*o**3. List the prime factors of a(-13).
19
Let n = 824 - 172. Let j = n + -326. List the prime factors of j.
2, 163
List the prime factors of (2 - 4)/((-580062)/232020 - (-20)/8).
2, 3, 5, 1289
Let c be 6370/(-175) + (-2)/(-5). Suppose -4*i + 260 = -172. Let s = c + i. List the prime factors of s.
2, 3
Let f(v) be the third derivative of v**4/24 + 11*v**3/6 - 8*v**2. Let r be f(-13). Let d(t) = -12*t + 1. List the prime factors of d(r).
5
Suppose 0 = -17*s + 19*s - 12. Suppose -4*z = 3*a - 19, a - s*z + z = 0. Suppose -a*r + 1124 = 179. List the prime factors of r.
3, 7
Suppose -2*i + 763 = 3*u, -4*i - 23*u = -19*u - 1520. Let b be (2 - 0) + (0 - -2). Suppose 20 = 5*l, 36 - i = -5*r - b*l. What are the prime factors of r?
5, 13
What are the prime factors of 1/2*35062 + 1?
2, 3, 487
Let x be 3 + 4 + -3 + 10 + -9. Suppose -3*w + o + 0*o = -1466, x*o = 3*w - 1462. What are the prime factors of w?
3, 163
Suppose 5*p = -6 + 16, -2*p = 5*m - 19. What are the prime factors of 5 + (m - -248) - 5?
251
Suppose 0 = -3*p - 3*j + 5112, 26*p - 29*p = -5*j - 5072. List the prime factors of p.
1699
Suppose 0 = x + 4*w + 35, 15 = 5*w - 0*w. Suppose -2*m = -3*c + 179, 11*m - 269 = -5*c + 7*m. Let i = c + x. What are the prime factors of i?
2, 5
Suppose -7*x + 99 = -209. Suppose x = -15*p + 4154. What are the prime factors of p?
2, 137
Suppose 2*s + 135*z - 136*z = 105340, -5*z + 105316 = 2*s. List the prime factors of s.
2, 3, 7, 11, 19
Suppose t = -1852 + 6315. List the prime factors of t.
4463
What are the prime factors of 19795*(-10 + (-11 - -22))?
5, 37, 107
Let a(w) = 2*w**2 + 16*w - 17. Suppose -4*y = 2*y + 78. List the prime factors of a(y).
113
Let d be 17*7/(-14)*(21 + 1). Let h = d + 766. What are the prime factors of h?
3, 193
Let u be (-3)/(-3 + 310/76 - 1). Let t = u + 38. What are the prime factors of 11/(77/21) - (-24 + t)?
3
Let a = -2 - -5. Let m(p) = p**2 - 38 + 10 + 12 + p + 6*p**3 + 11 - p**3. List the prime factors of m(a).
2, 71
Suppose -j = -2*x + 5, -x + 25 = -5*j - 0*j. Suppose x = 2*y - 7*y - 5. List the prime factors of y + (3 - -133)/4.
3, 11
Suppose -4 = f + 3*f, 10 = o - 5*f. Suppose -l + 916 = -o*y + 3476, y - 3*l - 498 = 0. What are the prime factors of y?
3, 19
Let c = 7037 - 592. List the prime factors of c.
5, 1289
Suppose d = -3*b + 51, 4*b + 11 = -2*d + 79. Suppose 4*y + 9 - b = 0. Suppose y*m + 8 = 0, v - 48 = -2*m - 9. List the prime factors of v.
47
Let q be (-1 - 8652/(-15)) + 15/75. Suppose 573*a = q*a - 3465. What are the prime factors of a?
3, 5, 7, 11
Suppose 54*y + 17906 = 95018. What are the prime factors of y?
2, 3, 7, 17
Suppose 26*j - 552 = 24*j - 3*n, 4*j = 4*n + 1104. List the prime factors of 424028/j + (-2)/(-3).
29, 53
What are the prime factors of (104 - 142)*(-2 - (-135)/(-2))?
19, 139
Suppose -2239 - 1961 = 21*g. List the prime factors of 2*25/10 - g/2.
3, 5, 7
Let h be -6 + (-2 - 4 - -74). Suppose 4*a + 4054 = 3*q, -3*q = 5*a - 4*a - 4079. Suppose -h + q = 8*i. What are the prime factors of i?
2, 3
Suppose -33843 = 10*f - 15*f + 4*i, -3*i - 20304 = -3*f. Suppose -7*r + f = 2186. What are the prime factors of r?
5, 131
Suppose -